{"id":4039,"date":"2020-10-22T14:08:14","date_gmt":"2020-10-22T12:08:14","guid":{"rendered":"http:\/\/www.comunarogova.ro\/?page_id=4039"},"modified":"2020-10-22T14:09:52","modified_gmt":"2020-10-22T12:09:52","slug":"ajutor-incalzire","status":"publish","type":"page","link":"https:\/\/www.comunarogova.ro\/?page_id=4039","title":{"rendered":"Ajutor incalzire"},"content":{"rendered":"\n<div class=\"wp-block-file\"><a href=\"https:\/\/www.comunarogova.ro\/wp-content\/uploads\/2020\/10\/ACTE-NECESARE-AJUTOR-INCALZIRE.pdf\">Acte necesare ajutor incalzire<\/a><a href=\"https:\/\/www.comunarogova.ro\/wp-content\/uploads\/2020\/10\/ACTE-NECESARE-AJUTOR-INCALZIRE.pdf\" class=\"wp-block-file__button\" download>Descarc\u0103<\/a><\/div>\n\n\n\n<div class=\"wp-block-file\"><a href=\"https:\/\/www.comunarogova.ro\/wp-content\/uploads\/2020\/10\/Cerere-Declaratie-pentru-ajutor-de-incalzire.pdf\">Cerere declaratie pentru ajutor de incalzire<\/a><a href=\"https:\/\/www.comunarogova.ro\/wp-content\/uploads\/2020\/10\/Cerere-Declaratie-pentru-ajutor-de-incalzire.pdf\" class=\"wp-block-file__button\" download>Descarc\u0103<\/a><\/div>\n\n\n\n<div class=\"wp-block-file\"><a href=\"https:\/\/www.comunarogova.ro\/wp-content\/uploads\/2020\/10\/Declaratie-prelucrare-date-cu-caracter-personal-ajutor-incalzire.pdf\">Declaratie prelucrare date cu caracter personal ajutor incalzire<\/a><a href=\"https:\/\/www.comunarogova.ro\/wp-content\/uploads\/2020\/10\/Declaratie-prelucrare-date-cu-caracter-personal-ajutor-incalzire.pdf\" class=\"wp-block-file__button\" download>Descarc\u0103<\/a><\/div>\n","protected":false},"excerpt":{"rendered":"Acte necesare ajutor incalzireDescarc\u0103 Cerere declaratie pentru ajutor de incalzireDescarc\u0103 Declaratie prelucrare date cu caracter personal ajutor incalzireDescarc\u0103","protected":false},"author":1,"featured_media":0,"parent":0,"menu_order":0,"comment_status":"closed","ping_status":"closed","template":"","meta":{"footnotes":""},"class_list":["post-4039","page","type-page","status-publish","hentry"],"_links":{"self":[{"href":"https:\/\/www.comunarogova.ro\/index.php?rest_route=\/wp\/v2\/pages\/4039","targetHints":{"allow":["GET"]}}],"collection":[{"href":"https:\/\/www.comunarogova.ro\/index.php?rest_route=\/wp\/v2\/pages"}],"about":[{"href":"https:\/\/www.comunarogova.ro\/index.php?rest_route=\/wp\/v2\/types\/page"}],"author":[{"embeddable":true,"href":"https:\/\/www.comunarogova.ro\/index.php?rest_route=\/wp\/v2\/users\/1"}],"replies":[{"embeddable":true,"href":"https:\/\/www.comunarogova.ro\/index.php?rest_route=%2Fwp%2Fv2%2Fcomments&post=4039"}],"version-history":[{"count":2,"href":"https:\/\/www.comunarogova.ro\/index.php?rest_route=\/wp\/v2\/pages\/4039\/revisions"}],"predecessor-version":[{"id":4045,"href":"https:\/\/www.comunarogova.ro\/index.php?rest_route=\/wp\/v2\/pages\/4039\/revisions\/4045"}],"wp:attachment":[{"href":"https:\/\/www.comunarogova.ro\/index.php?rest_route=%2Fwp%2Fv2%2Fmedia&parent=4039"}],"curies":[{"name":"wp","href":"https:\/\/api.w.org\/{rel}","templated":true}]}}