{"id":4025,"date":"2020-10-22T14:01:50","date_gmt":"2020-10-22T12:01:50","guid":{"rendered":"http:\/\/www.comunarogova.ro\/?page_id=4025"},"modified":"2020-10-22T14:05:27","modified_gmt":"2020-10-22T12:05:27","slug":"alocatie-de-sustinere-a-familiei","status":"publish","type":"page","link":"https:\/\/www.comunarogova.ro\/?page_id=4025","title":{"rendered":"Alocatie de sustinere a familiei"},"content":{"rendered":"\n<p><\/p>\n\n\n\n<div class=\"wp-block-file\"><a href=\"https:\/\/www.comunarogova.ro\/wp-content\/uploads\/2020\/10\/Cerere-Declaratie-alocatie-de-sustinere-a-familiei-1.pdf\">Cerere Declaratie alocatie de sustinere a familiei<\/a><a href=\"https:\/\/www.comunarogova.ro\/wp-content\/uploads\/2020\/10\/Cerere-Declaratie-alocatie-de-sustinere-a-familiei-1.pdf\" class=\"wp-block-file__button\" download>Descarc\u0103<\/a><\/div>\n\n\n\n<div class=\"wp-block-file\"><a href=\"https:\/\/www.comunarogova.ro\/wp-content\/uploads\/2020\/10\/Declaratie_ASF.pdf\">Declaratie ASF<\/a><a href=\"https:\/\/www.comunarogova.ro\/wp-content\/uploads\/2020\/10\/Declaratie_ASF.pdf\" class=\"wp-block-file__button\" download>Descarc\u0103<\/a><\/div>\n\n\n\n<div class=\"wp-block-file\"><a href=\"https:\/\/www.comunarogova.ro\/wp-content\/uploads\/2020\/10\/DOCUMENTE-NECESARE-DOSARULUI-DE-ALOCATIE-PENTRU-SUSTINEREA-FAMILIEI-1.pdf\">Documente necesare dosarului de alocatie pentru sustinerea familiei<\/a><a href=\"https:\/\/www.comunarogova.ro\/wp-content\/uploads\/2020\/10\/DOCUMENTE-NECESARE-DOSARULUI-DE-ALOCATIE-PENTRU-SUSTINEREA-FAMILIEI-1.pdf\" class=\"wp-block-file__button\" download>Descarc\u0103<\/a><\/div>\n","protected":false},"excerpt":{"rendered":"Cerere Declaratie alocatie de sustinere a familieiDescarc\u0103 Declaratie ASFDescarc\u0103 Documente necesare dosarului de alocatie pentru sustinerea familieiDescarc\u0103","protected":false},"author":1,"featured_media":0,"parent":0,"menu_order":0,"comment_status":"closed","ping_status":"closed","template":"","meta":{"footnotes":""},"class_list":["post-4025","page","type-page","status-publish","hentry"],"_links":{"self":[{"href":"https:\/\/www.comunarogova.ro\/index.php?rest_route=\/wp\/v2\/pages\/4025","targetHints":{"allow":["GET"]}}],"collection":[{"href":"https:\/\/www.comunarogova.ro\/index.php?rest_route=\/wp\/v2\/pages"}],"about":[{"href":"https:\/\/www.comunarogova.ro\/index.php?rest_route=\/wp\/v2\/types\/page"}],"author":[{"embeddable":true,"href":"https:\/\/www.comunarogova.ro\/index.php?rest_route=\/wp\/v2\/users\/1"}],"replies":[{"embeddable":true,"href":"https:\/\/www.comunarogova.ro\/index.php?rest_route=%2Fwp%2Fv2%2Fcomments&post=4025"}],"version-history":[{"count":2,"href":"https:\/\/www.comunarogova.ro\/index.php?rest_route=\/wp\/v2\/pages\/4025\/revisions"}],"predecessor-version":[{"id":4031,"href":"https:\/\/www.comunarogova.ro\/index.php?rest_route=\/wp\/v2\/pages\/4025\/revisions\/4031"}],"wp:attachment":[{"href":"https:\/\/www.comunarogova.ro\/index.php?rest_route=%2Fwp%2Fv2%2Fmedia&parent=4025"}],"curies":[{"name":"wp","href":"https:\/\/api.w.org\/{rel}","templated":true}]}}