{"id":3247,"date":"2019-02-27T16:50:55","date_gmt":"2019-02-27T14:50:55","guid":{"rendered":"http:\/\/www.comunarogova.ro\/?page_id=3247"},"modified":"2020-05-06T08:06:58","modified_gmt":"2020-05-06T06:06:58","slug":"primaria-podeni","status":"publish","type":"page","link":"https:\/\/www.comunarogova.ro\/?page_id=3247","title":{"rendered":"Primaria ROGOVA"},"content":{"rendered":"<h2>Prezentare Comuna ROGOVA<\/h2>\n<p style=\"text-align: center;\"><strong>Suprafa\u021b\u0103<\/strong>: 4097ha<\/p>\n<p style=\"text-align: center;\"><strong>Popula\u021bie<\/strong>: 1359<\/p>\n<p style=\"text-align: center;\"><strong>Nr. gr\u0103dini\u021be<\/strong>:1<\/p>\n<p style=\"text-align: center;\"><strong>Intravilan<\/strong>:329 ha<\/p>\n<p style=\"text-align: center;\"><strong>Gospodarii<\/strong>: 734<\/p>\n<p style=\"text-align: center;\"><strong>Nr. \u0219coli<\/strong>:1<\/p>\n<p style=\"text-align: center;\"><strong>Extravilan<\/strong>: 3768 ha<\/p>\n<h5><strong>Numele localit\u0103\u021bilor aflate \u0103n administra\u021bie:<\/strong><\/h5>\n<p>Rogova, Poroini\u021ba<\/p>\n<h2>A\u0219ezarea geografic\u0103:<\/h2>\n<p style=\"text-align: justify;\">A\u0219ezat\u0103 pe malul Blahni\u021bei, Rogova este \u00eencadrat\u0103 de dealul St\u00e2rmina \u0219i p\u0103durea St\u00e2rmina la Vest, de unde se coboar\u0103 spre localitate \u0219erpuind pe l\u00e2ng\u0103 Valea \u0218entii, de p\u0103durea Bucium la sud-vest, satul V\u00eenjule\u021b\u00a0(cartierul Teodoreni) la sud, r\u00e2ul Blahni\u021ba, p\u0103durea Lunca V\u00e2njului \u0219i ora\u0219ul V\u00eenju Mare la Est, dealul \u021aiganului, Valea P\u0103s\u0103ruia \u0219i localitatea Traian la Est-Nord-Est, p\u00e2r\u00e2ul Poroini\u021ba (Matca), p\u0103durea Poroini\u021ba \u0219i satul Poroini\u021ba la Nord-Est, Dealul V\u00e2rciorova, dealul Coasta lui Raicu \u0219i localitatea Poroina Mare la Nord-Est, punctul la Caz\u0103rmi \u0219i comuna Livezile la Nord.<\/p>\n<p style=\"text-align: justify;\">\u00cen linie dreapt\u0103, localitatea se afl\u0103 la 6 km de grani\u021ba cu Serbia, la 25 km de ora\u0219ul Drobeta Turnu Severin \u0219i la 37 km de borna Triplex Confinium (Pristol), borna de frontier\u0103 ce marcheaz\u0103 grani\u021ba \u00een trei direc\u021bii a celor trei state: Rom\u00e2nia, Bulgaria \u0219i Serbia.<\/p>\n<p style=\"text-align: justify;\">Comuna Rogova se afl\u0103 pe DN56A, la 263,51 km de Bucure\u015fti, la 242,84 km de Timi\u015foara \u015fi la 34,78 km de Punctul de Trecere a Frontierei Ostrovul Mare \u2013 Pancevo. Odat\u0103 cu deschiderea traficului greu prin Vama Ostrovul Mare \u0219i Calafat Vidin \u0219i Bechet, Drumul Na\u021bional 56A trece pe strada principal\u0103 ce traverseaz\u0103 comuna.<\/p>\n<p style=\"text-align: justify;\">\u00a0<\/p>\n<p>\t\t\t\t\t\t\t\t\t\t\t<a href=\"https:\/\/www.comunarogova.ro\/wp-content\/uploads\/2019\/12\/poza1.jpg\" data-elementor-open-lightbox=\"yes\"><br \/>\n\t\t\t\t\t\t\t<img decoding=\"async\" src=\"https:\/\/www.comunarogova.ro\/wp-content\/uploads\/2019\/12\/poza1.jpg\" title=\"\" alt=\"\" \/>\t\t\t\t\t\t\t\t<\/a><br \/>\n\t\t\t\t\t\t\t\t\t\t\t<a href=\"https:\/\/www.comunarogova.ro\/wp-content\/uploads\/2019\/12\/poza2.jpg\" data-elementor-open-lightbox=\"yes\"><br \/>\n\t\t\t\t\t\t\t<img decoding=\"async\" src=\"https:\/\/www.comunarogova.ro\/wp-content\/uploads\/2019\/12\/poza2.jpg\" title=\"\" alt=\"\" \/>\t\t\t\t\t\t\t\t<\/a><br \/>\n\t\t\t\t\t\t\t\t\t\t\t<a href=\"https:\/\/www.comunarogova.ro\/wp-content\/uploads\/2019\/12\/poza3.jpg\" data-elementor-open-lightbox=\"yes\"><br \/>\n\t\t\t\t\t\t\t<img decoding=\"async\" src=\"https:\/\/www.comunarogova.ro\/wp-content\/uploads\/2019\/12\/poza3.jpg\" title=\"\" alt=\"\" \/>\t\t\t\t\t\t\t\t<\/a>  <\/p>\n","protected":false},"excerpt":{"rendered":"<p>Prezentare Comuna ROGOVA Suprafa\u021b\u0103: 4097ha Popula\u021bie: 1359 Nr. gr\u0103dini\u021be:1 Intravilan:329 ha Gospodarii: 734 Nr. \u0219coli:1 Extravilan: 3768 ha Numele localit\u0103\u021bilor aflate \u0103n administra\u021bie: Rogova, Poroini\u021ba A\u0219ezarea geografic\u0103: A\u0219ezat\u0103 pe malul Blahni\u021bei, Rogova este \u00eencadrat\u0103 de dealul St\u00e2rmina \u0219i p\u0103durea St\u00e2rmina la Vest, de unde se coboar\u0103 spre localitate \u0219erpuind pe<a class=\"read-more\" href=\"https:\/\/www.comunarogova.ro\/?page_id=3247\">[Read More&#8230;]<\/a><\/p>\n","protected":false},"author":1,"featured_media":0,"parent":0,"menu_order":0,"comment_status":"closed","ping_status":"closed","template":"","meta":{"footnotes":""},"class_list":["post-3247","page","type-page","status-publish","hentry"],"_links":{"self":[{"href":"https:\/\/www.comunarogova.ro\/index.php?rest_route=\/wp\/v2\/pages\/3247","targetHints":{"allow":["GET"]}}],"collection":[{"href":"https:\/\/www.comunarogova.ro\/index.php?rest_route=\/wp\/v2\/pages"}],"about":[{"href":"https:\/\/www.comunarogova.ro\/index.php?rest_route=\/wp\/v2\/types\/page"}],"author":[{"embeddable":true,"href":"https:\/\/www.comunarogova.ro\/index.php?rest_route=\/wp\/v2\/users\/1"}],"replies":[{"embeddable":true,"href":"https:\/\/www.comunarogova.ro\/index.php?rest_route=%2Fwp%2Fv2%2Fcomments&post=3247"}],"version-history":[{"count":33,"href":"https:\/\/www.comunarogova.ro\/index.php?rest_route=\/wp\/v2\/pages\/3247\/revisions"}],"predecessor-version":[{"id":3939,"href":"https:\/\/www.comunarogova.ro\/index.php?rest_route=\/wp\/v2\/pages\/3247\/revisions\/3939"}],"wp:attachment":[{"href":"https:\/\/www.comunarogova.ro\/index.php?rest_route=%2Fwp%2Fv2%2Fmedia&parent=3247"}],"curies":[{"name":"wp","href":"https:\/\/api.w.org\/{rel}","templated":true}]}}